r of 2660 and 400855?
35
Calculate the greatest common factor of 8207 and 2263717.
283
What is the greatest common factor of 13000 and 957736?
104
What is the greatest common factor of 2571223 and 26779?
439
Calculate the greatest common factor of 32 and 706215728.
16
Calculate the highest common divisor of 451726611 and 1373.
1373
Calculate the greatest common factor of 20241355 and 20.
5
Calculate the greatest common divisor of 328 and 28076021.
41
Calculate the highest common divisor of 148458 and 9374.
218
What is the highest common divisor of 57889070 and 20?
10
Calculate the greatest common factor of 1024 and 111016.
8
What is the greatest common divisor of 1689 and 424562241?
1689
What is the greatest common divisor of 4155338 and 19646?
418
Calculate the highest common divisor of 14925 and 6352677.
597
What is the highest common factor of 13528 and 14691052?
356
Calculate the greatest common divisor of 15319035 and 285.
285
What is the greatest common factor of 1328 and 526856776?
664
What is the greatest common factor of 67440 and 272?
16
What is the highest common factor of 1100 and 209473000?
1100
What is the greatest common divisor of 319783 and 5945?
29
What is the greatest common divisor of 40 and 4528630?
10
Calculate the highest common divisor of 86 and 29535324.
86
Calculate the greatest common factor of 627 and 15667267.
209
Calculate the highest common divisor of 904 and 54912.
8
Calculate the highest common divisor of 22992255 and 156.
39
Calculate the highest common factor of 85765367 and 46.
23
What is the greatest common divisor of 6201417 and 2021?
43
Calculate the greatest common factor of 1516057 and 2163.
103
Calculate the greatest common factor of 21930 and 273566.
86
Calculate the highest common factor of 18623158 and 426.
142
What is the highest common factor of 6708 and 192894?
78
What is the highest common divisor of 39 and 15475811?
13
Calculate the highest common factor of 15 and 22333960.
5
What is the greatest common factor of 913 and 410641?
11
Calculate the greatest common divisor of 181136392 and 19744.
4936
What is the highest common factor of 5467058 and 4601?
107
What is the highest common factor of 68169 and 92039?
31
What is the greatest common factor of 15 and 3717801?
3
Calculate the greatest common divisor of 2262498 and 36771.
2163
Calculate the highest common factor of 2637 and 40879653.
879
Calculate the greatest common factor of 190 and 9812626.
38
What is the greatest common factor of 166110 and 256515?
735
What is the greatest common factor of 1675408 and 320656?
784
Calculate the highest common factor of 72 and 20778570.
18
Calculate the highest common divisor of 2509 and 107978.
13
Calculate the greatest common divisor of 58333938 and 546.
78
What is the highest common factor of 14146407 and 81?
81
Calculate the greatest common divisor of 2585 and 22434115.
55
Calculate the highest common factor of 1892 and 227458.
22
Calculate the greatest common factor of 2901 and 295672821.
2901
Calculate the greatest common divisor of 231249304 and 1672.
1672
Calculate the highest common divisor of 8546886 and 118575.
4743
Calculate the greatest common divisor of 102636 and 756.
36
What is the highest common factor of 3846 and 7362?
6
Calculate the highest common factor of 150903 and 44469.
729
Calculate the highest common divisor of 4421475 and 344.
43
Calculate the greatest common divisor of 2490093 and 216744.
2463
What is the greatest common factor of 11695313 and 371?
7
What is the greatest common divisor of 639354 and 6580254?
5658
Calculate the highest common factor of 528 and 474980.
44
What is the highest common factor of 618248 and 278?
2
What is the greatest common divisor of 2328891 and 185?
37
What is the highest common factor of 676 and 13937261?
169
What is the greatest common divisor of 1099150 and 234?
26
Calculate the highest common divisor of 44477 and 2815.
563
Calculate the highest common factor of 957498 and 6996.
318
What is the highest common factor of 47734 and 1361242?
1646
What is the greatest common factor of 11380 and 89940?
20
What is the highest common factor of 746576 and 730336?
464
Calculate the highest common factor of 10173582 and 12.
6
What is the greatest common divisor of 238 and 109788?
14
What is the highest common divisor of 2656 and 6195328?
32
Calculate the highest common factor of 6178824 and 23832.
72
What is the greatest common factor of 291847 and 3013?
23
Calculate the highest common divisor of 323665452 and 18.
18
What is the highest common factor of 9 and 130942827?
9
Calculate the greatest common divisor of 4761887 and 200564.
377
What is the highest common divisor of 14 and 19478?
2
What is the highest common divisor of 93048 and 27503438?
7754
Calculate the highest common factor of 1455 and 11664735.
1455
What is the greatest common factor of 16 and 15093419?
1
Calculate the greatest common divisor of 48099691 and 1416.
59
What is the greatest common divisor of 19792069 and 264?
11
Calculate the greatest common divisor of 942 and 128.
2
Calculate the highest common factor of 33839286 and 706.
706
What is the highest common divisor of 315876951 and 351?
117
What is the highest common factor of 268463 and 4794777?
1391
What is the greatest common divisor of 226320 and 27174960?
5520
What is the greatest common divisor of 282832 and 8118?
22
What is the greatest common factor of 79334330 and 90?
10
What is the highest common factor of 36 and 1878851796?
12
Calculate the highest common factor of 173009 and 1921.
17
Calculate the highest common factor of 49746 and 43170.
6
What is the highest common divisor of 17094325 and 50?
25
What is the highest common factor of 274572 and 1207170?
4734
What is the greatest common divisor of 26 and 18043714?
26
Calculate the highest common divisor of 11934 and 63720.
54
Calculate the highest common factor of 9000695 and 275.
55
Calculate the greatest common factor of 969654 and 2625.
21
What is the highest common divisor of 2653021 and 20405?
371
What is the highest common factor of 16698 and 2268387?
363
What is the greatest common factor of 12516 and 220405866?
894
Calculate the greatest common divisor of 837 and 3073929.
93
Calculate the highest common factor of 4671 and 104057424.
1557
Calculate the highest common factor of 81122 and 835384.
1726
Calculate the highest common factor of 43000480 and 5440.
2720
Calculate the greatest common divisor of 6319404 and 702.
702
Calculate the highest common factor of 2040 and 44014224.
408
What is the greatest common factor of 18998 and 14042?
826
What is the highest common factor of 58183 and 1021357?
701
What is the greatest common divisor of 1742 and 63388566?
134
What is the greatest common divisor of 22177282 and 110593?
2257
What is the greatest common divisor of 71000 and 124392?
568
What is the greatest common divisor of 6006217 and 49?
7
Calculate the greatest common factor of 46125 and 69741.
369
Calculate the greatest common divisor of 68070184 and 156.
52
What is the greatest common factor of 2256452 and 17116?
44
Calculate the highest common factor of 442888 and 203000.
232
Calculate the greatest common factor of 1496 and 32380648.
136
Calculate the highest common divisor of 14965 and 5972675.
205
Calculate the greatest common divisor of 2562344318 and 8006.
8006
Calculate the highest common factor of 1865152 and 3072.
64
What is the greatest common divisor of 215384367 and 99?
33
Calculate the highest common factor of 10801359 and 68336.
4271
What is the highest common divisor of 39295975 and 800?
25
Calculate the highest common factor of 4328452 and 75850.
82
What is the greatest common factor of 5404623 and 189?
21
Calculate the highest common factor of 28776 and 71112.
24
Calculate the greatest common factor of 3276 and 205288083.
819
Calculate the highest common factor of 124719954 and 175041.
6483
Calculate the highest common factor of 4829 and 206690.
11
Calculate the greatest common divisor of 4583 and 12681161.
4583
What is the greatest common divisor of 1031643 and 108243?
513
Calculate the highest common divisor of 24 and 4699036.
4
What is the greatest common divisor of 506016942 and 28686?
4098
Calculate the highest common divisor of 1248 and